{"id":42,"date":"2021-04-25T22:00:21","date_gmt":"2021-04-25T20:00:21","guid":{"rendered":"http:\/\/tefrtdr.cluster029.hosting.ovh.net\/?page_id=42"},"modified":"2026-04-02T12:06:05","modified_gmt":"2026-04-02T10:06:05","slug":"horaires-et-accces","status":"publish","type":"page","link":"https:\/\/lecyclorecycle.fr\/index.php\/horaires-et-accces\/","title":{"rendered":"Horaires et accc\u00e8s"},"content":{"rendered":"\n<p>77 Quai de la Pie<br>94100 SAINT MAUR DES FOSSES<\/p>\n\n\n\n<p>Nos s\u00e9ances atelier se tiennent le premier et le troisi\u00e8me samedi de chaque mois, de 14h \u00e0 18h.<br>Pour nous joindre: une adresse mail : <\/p>\n\n\n\n<figure class=\"wp-block-image size-full\"><img loading=\"lazy\" decoding=\"async\" width=\"151\" height=\"19\" src=\"http:\/\/tefrtdr.cluster029.hosting.ovh.net\/wp-content\/uploads\/2021\/07\/site_contact.png\" alt=\"\" class=\"wp-image-252\"\/><\/figure>\n\n\n\n<p>Voir la carte: <a href=\"https:\/\/www.google.fr\/maps\/place\/Le+Cyclorecycl%C3%A9\/@48.7867074,2.4764421,17z\/data=!3m1!4b1!4m5!3m4!1s0x47e60c8a566b0cff:0x6abc2967ff9bdc6f!8m2!3d48.7867039!4d2.4786361\">Maps<\/a><\/p>\n\n\n\n<p><\/p>\n","protected":false},"excerpt":{"rendered":"<p>77 Quai de la Pie94100 SAINT MAUR DES FOSSES Nos s\u00e9ances atelier se tiennent le premier et le troisi\u00e8me samedi de chaque mois, de 14h \u00e0 18h.Pour nous joindre: une adresse mail : Voir la carte: Maps<\/p>\n","protected":false},"author":1,"featured_media":0,"parent":0,"menu_order":0,"comment_status":"closed","ping_status":"closed","template":"","meta":{"footnotes":""},"_links":{"self":[{"href":"https:\/\/lecyclorecycle.fr\/index.php\/wp-json\/wp\/v2\/pages\/42"}],"collection":[{"href":"https:\/\/lecyclorecycle.fr\/index.php\/wp-json\/wp\/v2\/pages"}],"about":[{"href":"https:\/\/lecyclorecycle.fr\/index.php\/wp-json\/wp\/v2\/types\/page"}],"author":[{"embeddable":true,"href":"https:\/\/lecyclorecycle.fr\/index.php\/wp-json\/wp\/v2\/users\/1"}],"replies":[{"embeddable":true,"href":"https:\/\/lecyclorecycle.fr\/index.php\/wp-json\/wp\/v2\/comments?post=42"}],"version-history":[{"count":18,"href":"https:\/\/lecyclorecycle.fr\/index.php\/wp-json\/wp\/v2\/pages\/42\/revisions"}],"predecessor-version":[{"id":1133,"href":"https:\/\/lecyclorecycle.fr\/index.php\/wp-json\/wp\/v2\/pages\/42\/revisions\/1133"}],"wp:attachment":[{"href":"https:\/\/lecyclorecycle.fr\/index.php\/wp-json\/wp\/v2\/media?parent=42"}],"curies":[{"name":"wp","href":"https:\/\/api.w.org\/{rel}","templated":true}]}}

Horaires et acccès

<p>77 Quai de la Pie<br>94100 SAINT MAUR DES FOSSES</p>



<p>Nos séances atelier se tiennent le premier et le troisième samedi de chaque mois, de 14h à 18h.<br>Pour nous joindre: une adresse mail : </p>



<figure class="wp-block-image size-full"><img loading="lazy" decoding="async" width="151" height="19" src="http://tefrtdr.cluster029.hosting.ovh.net/wp-content/uploads/2021/07/site_contact.png" alt="" class="wp-image-252"/></figure>



<p>Voir la carte: <a href="https://www.google.fr/maps/place/Le+Cyclorecycl%C3%A9/@48.7867074,2.4764421,17z/data=!3m1!4b1!4m5!3m4!1s0x47e60c8a566b0cff:0x6abc2967ff9bdc6f!8m2!3d48.7867039!4d2.4786361">Maps</a></p>



<p></p>

<p>77 Quai de la Pie94100 SAINT MAUR DES FOSSES Nos séances atelier se tiennent le premier et le troisième samedi de chaque mois, de 14h à 18h.Pour nous joindre: une adresse mail : Voir la carte: Maps</p>
